 What is n(-6)?
11
Let q be (34/(-8))/(3/(-12)). Let z(n) = 4 + 2*n - n - q. What is z(6)?
-7
Let l(n) be the second derivative of 5*n**3/3 + 3*n**2/2 - 457*n. Give l(-1).
-7
Let v = 4017 - 4023. Let u(d) = -5*d**2 + 1 + 7*d + d**3 + 2*d**3 - 4*d**3. What is u(v)?
-5
Suppose -6*p + 35 = p. Suppose -9*q + 16 = -p*q. Let t be (q - (1 + 2))*1. Let k(s) = -12*s - 1. What is k(t)?
-13
Let g(s) = -s**2 - 6*s + 5. Let l be ((-80)/15)/8 + 58/6. Let x = l - 16. Calculate g(x).
-2
Let a(o) = -21*o - 2. Let g = 38 + -39. Give a(g).
19
Let j(m) = 3*m + 3. Suppose 0 = 4*s - 8*s - 16, 2 = -2*d - 4*s. What is j(d)?
24
Suppose 2*w - 3 = -13. Let r(g) = -5*g + 36. Let y(h) = h - 7. Let q = 88 + -86. Let m(o) = q*r(o) + 11*y(o). Determine m(w).
-10
Let n(f) = -f**3 - 8*f**2 + 7. Let b(p) = -3*p + 139. Let k be b(49). Determine n(k).
7
Let f(x) = -x**2 + 8*x - 5. Suppose -t = -5*t + 3*s + 152, 0 = t - 2*s - 43. Suppose -3*c + 14 - t = 0. Let q = 12 + c. What is f(q)?
10
Suppose 5*f + 17 = -18. Let l be 6 - 0/(4 - 1). Let u(y) = -4 + 3*y - 1 + y - l*y. What is u(f)?
9
Let p(v) = v**3 + 4*v**2 - 2. Let o be p(-4). Let n(z) = -5*z**2 + 2*z + 3. What is n(o)?
-21
Let v(o) = 355*o - 4 + 33 - o**3 + 12*o**2 - 344*o. Calculate v(13).
3
Suppose -4*u + 6 = 2*x - 6, 4*u = 0. Let h = -5 - -15. Let l(f) = -7*f + f**2 - 1 + f**2 + h - f**2. Give l(x).
3
Let g(h) = -2 - 38*h + 37*h + 9. Suppose 4*a + 12*o - 28 = 9*o, 3*a - 21 = -4*o. Give g(a).
0
Let t(a) = a**2 + 2*a - 2. Let m be (0 - (-4)/6) + 348/(-36). Let g be 5/(20/(-18))*4/m. Give t(g).
6
Let i(q) be the third derivative of q**6/60 - q**5/60 - q**4/24 - q**3/6 + 5*q**2. Let f(n) = n - 11. Let o be 10*1/4*4. Let u be f(o). Calculate i(u).
-3
Let j(b) = b. Suppose 4*a - a - 6 = 0. Let y(q) = -3*q**2 - 2*q + 5. Let o(k) = a*j(k) + y(k). Let u(x) be the first derivative of o(x). What is u(-1)?
6
Let y be 3 + -3 + 4 + -2. Suppose -f - y + 1 = 0. Let c(o) be the third derivative of o**5/15 + o**4/24 + 7*o**2. What is c(f)?
3
Let v(b) = b + 7. Let x(j) = 2*j + 14. Let y be x(0). Let i(l) = -l + 6. Let s be i(y). Determine v(s).
-1
Let t(k) = -3*k**2 - 2*k + 2. Let p be ((-2)/(-6) - -2) + (-9)/27. Let y(x) = -13*x**2 - 7*x + 9. Let n(f) = p*y(f) - 9*t(f). Calculate n(-4).
0
Let j(u) be the second derivative of -u**5/20 + 11*u**4/12 + 11*u**3/6 + 4*u**2 - 118*u + 3. Determine j(12).
-4
Suppose 367 + 3 = -5*j. Let r = j + 71. Let m(s) = -s**3 - 6*s**2 - 3*s + 1. Give m(r).
-17
Let l(z) be the third derivative of 7/6*z**3 + 1/24*z**4 + 0*z + 11*z**2 + 0. What is l(-5)?
2
Let l = -23 - -24. Let c be l/2 + (-2 - 2/(-4)). Let d(f) = 2*f**3 - f - 1. Calculate d(c).
-2
Suppose 4*j - 18 = -i - 44, -3*i = 6. Let b(n) be the first derivative of -n**3/3 - 2*n**2 + 2*n + 1. Calculate b(j).
-10
Let f = 11 + -20. Let p = f + 8. Let n = 2 + p. Let q(s) = 3*s**2 + 2*s - 1. Determine q(n).
4
Let x(f) = -f**3 - 5*f**2 - 3*f + 2. Suppose 4 = 14*s - 15*s. Calculate x(s).
-2
Let z(c) be the second derivative of -c**5/20 - c**4/12 + 3*c**3/2 + 3*c**2 - 188*c + 1. Give z(-3).
-3
Suppose -6*b - 8 = -2*b + 4*k, -3*k - 3 = 4*b. Suppose 4*i + 8*z = 3*z + 111, 0 = b*i + z - 86. Let q = i + -23. Let x(d) = d**3 - 7*d**2 + 7*d - 7. Give x(q).
-1
Let l(z) = 77*z - 32*z - 1 - 36*z. Calculate l(1).
8
Let p(b) = b**2 - 1. Let h be 6/((-48)/(-20))*-12. Let q = h - -33. Give p(q).
8
Suppose 7*n + 20 = 2*n. Let c(x) = -3 + x**3 - 2 - 2*x**2 - 32*x + 26*x. Let g(i) = 3*i**3 - 5*i**2 - 17*i - 14. Let o(q) = 17*c(q) - 6*g(q). What is o(n)?
-1
Let s(r) = -24*r + 17. Let y(c) be the third derivative of 13*c**4/24 - 3*c**3/2 - 33*c**2. Let w(i) = 6*s(i) + 11*y(i). What is w(5)?
-2
Let b(q) = 82*q**2 + 72*q**2 - 1 - 2*q - 159*q**2. Let l(r) = -16*r**2 - 7*r - 3. Let u(n) = -7*b(n) + 2*l(n). Determine u(2).
13
Let m(j) = 10*j**3 + 15*j**2 - 25*j - 30. Let y(x) = 7*x**3 + 10*x**2 - 17*x - 20. Let h(z) = -5*m(z) + 7*y(z). What is h(-5)?
-20
Let y(b) be the second derivative of -b**3/6 - 2*b**2 + 27*b. What is y(2)?
-6
Suppose -74 = 110*g - 73*g. Let t(y) = -4*y**2 - y. Calculate t(g).
-14
Let n(w) = w**3 + 7*w**2 + 6*w - 2. Let f = -20 - -13. Let r = f + 1. Calculate n(r).
-2
Let v(g) = 5 - 3 + g**3 - 9 + 0. Determine v(0).
-7
Let i(u) = 4*u + 6. Suppose -4*z = -2*k - 12, 2*k + 2*z + 11 = 5*z. Calculate i(k).
-10
Let j(z) = -7*z - 61. Let y be j(-8). Let m(t) = -t**3 - 6*t**2 - 5*t - 6. Give m(y).
-6
Let q(g) be the first derivative of -4*g**3/3 - g**2 + 78. Calculate q(-2).
-12
Let k(h) be the third derivative of h**6/120 + h**5/12 + h**4/24 + h**3/3 + h**2 - 52*h. What is k(-4)?
14
Let t(f) = -2*f**2 + 5*f - 6. Let i be (2/2 + -2)/(1/(-4)). Suppose i*k - 3 = 13. What is t(k)?
-18
Let m = -16 - -20. Suppose t - 5*t - m*p = -60, -t + 18 = 2*p. Let o(b) = -t*b - 2*b + 22*b + 7 + b**2. Calculate o(-5).
-8
Let y(o) = -2*o + 4. Let d(j) = -j - 5. Let v(g) = 2*g + 11. Let f(z) = 11*d(z) + 6*v(z). Let t be f(-7). Determine y(t).
-4
Suppose 5*i - 13 = -4*j + 27, -2*i = -4*j + 12. Let x be 1*(-1 - -4 - -2). Suppose -25 = m - x*l, j = -4*m + l - 0. Let p(w) = w**2 + w + 3. Determine p(m).
3
Let s = -10 + 12. Suppose 3*m = s*m + 2. Let n(z) = 0*z - 8*z - 5 - m*z + 4. Determine n(1).
-11
Let z(t) = t. Let b(l) = 3*l + 1. Let i(o) = -b(o) + 2*z(o). Let n(r) = -r**3 + 13*r**2 - 13*r + 8. Let h be n(12). Give i(h).
3
Let x(w) = -5*w + 5. Let j(y) = 1. Let n(r) = -3. Let v(b) = -8*j(b) - 3*n(b). Let s(z) = -5*v(z) + x(z). Suppose -5 = -7*a + 2*a. Calculate s(a).
-5
Suppose -4*t - 13 = q, t - 24 = -2*q + 3*t. Let w(y) = -3*y - 6. Let a(o) = -2*o - 7. Let u(n) = -4*a(n) + 3*w(n). Give u(q).
3
Let c(r) = -8*r - 32 + 14 - 7. Let y(w) = -3*w - 9. Let i(k) = 4*c(k) - 11*y(k). Give i(1).
0
Let w(b) = -2*b - 4. Let k be w(-4). Suppose -v - k - 3 = 0. Let i(d) = -1 + 2*d**2 + 4*d**2 + 57*d**3 - 31*d**3 - 2 - 8*d - 25*d**3. Calculate i(v).
4
Let r be -3*2/1 + 0. Let b(j) be the first derivative of j**5/120 + j**4/12 + 32*j**3/3 - 98. Let i(v) be the third derivative of b(v). Calculate i(r).
-4
Let f(g) = -g**2 + 7*g + 3. Let d(b) be the second derivative of -b**4/12 - 6*b. Let c(k) = -2*d(k) + f(k). What is c(-6)?
-3
Let b(r) be the second derivative of -2*r**3/3 - 9*r**2/2 + 2*r - 649. Determine b(-3).
3
Let x = -398 + 394. Let d(k) = -3*k**2 - 3*k - 5. Calculate d(x).
-41
Let h = 81 + -59. Suppose h = -6*z - 2. Let d(i) be the first derivative of i**3/3 + 2*i**2 + 5*i - 1. Give d(z).
5
Let x(z) be the second derivative of 7*z**3/6 + 17*z**2 - 34*z. Give x(-5).
-1
Let g(u) = -4*u - 29. Suppose 158 + 88 = -41*h. Calculate g(h).
-5
Let s(i) = -8. Let v(k) = k - 2*k + 11 + 0*k - 3. Let n(w) = -3*s(w) - 2*v(w). Let b be 6*(1 + 0 + -2). Give n(b).
-4
Let x(o) = o**3 - 6*o**2 - 2*o + 7. Suppose -7 = 4*l + 13, 335 = 4*b - 3*l. Suppose 0 = -5*m - 25. Let z be (9/m)/((-24)/b). What is x(z)?
-5
Let m(j) = 4*j**3 - 2*j**2 - 2*j - 5. Let l(o) = o**3 - o - 1. Let h = -5 + 4. Let q(d) = h*m(d) + 5*l(d). Calculate q(-3).
0
Let t(x) = 28*x**2 + 10*x - 2. Let g(w) = 15*w**2 + 6*w - 1. Let i(o) = -5*g(o) + 3*t(o). Calculate i(-1).
8
Let v(u) = u**3 + u**2 + 2*u + 1. Let j(f) = -f**3 - f**2 - f - 1. Suppose 4*a + 2*o = 5*o - 18, 12 = -2*a + 3*o. Let r(b) = a*j(b) - v(b). Determine r(-2).
-8
Let m(l) be the first derivative of l**3/3 - l**2/2 - 25*l - 413. What is m(0)?
-25
Let l(n) = n**3 - 3*n**2 + n + 2. Let i(s) = 2*s - 8. Let q be i(-6). Let b = q + 29. Suppose u + b = 4*u. Determine l(u).
5
Suppose 25 = 5*s, -5*r = -0*r + 5*s - 5. Let i(t) = t**2 + 10*t + 3. Determine i(r).
-21
Let x(o) = 29*o + 296. Let i be x(-10). Let n(f) = f - 9. What is n(i)?
-3
Suppose -3*n + 24 = -2*s - s, 5*s = 3*n - 34. Let z(f) = -4*f**2 + 4*f - 2. Give z(n).
-26
Let i be (1/(-60))/((-47)/141). Let m(v) be the second derivative of 2*v**2 - 1/2*v**3 + 1/3*v**4 - 3*v + 0 - i*v**5. Determine m(4).
-8
Let g(y) = -y**3 - y**2 + 6*y + 6. Suppose s - 3*c - c - 5 = 0, -4*c - 14 = 2*s. What is g(s)?
6
Let l(a) = a + 1. Let g be l(5). Let o = -4 + g. Let d(x) = 2 - 1 - x**o - 3*x**2 - 3*x + 3*x**2. Determine d(-4).
-3
Let z(b) = -b**3 + b**2 + 5*b - 3. Let j(f) = -7*f - 3*f**2 - 2*f**2 - 22 + 6*f**2. Let v be j(10). Suppose 4*n + v = -t - 3*t, -2*n - 13 = -t. Give z(t).
-6
Let c = 7 - 3. Suppose o = -o - 4*g + 20, c*o = -3*g + 20. Suppos